{"id":5,"date":"2022-08-28T13:57:30","date_gmt":"2022-08-28T13:57:30","guid":{"rendered":"https:\/\/rayweb.eu\/?page_id=5"},"modified":"2022-08-28T13:57:39","modified_gmt":"2022-08-28T13:57:39","slug":"booking-form","status":"publish","type":"page","link":"https:\/\/rayweb.eu\/index.php\/booking-form\/","title":{"rendered":"G\u00e9pid\u0151 foglal\u00f3"},"content":{"rendered":"<p>[CP_APP_HOUR_BOOKING id=&#8221;1&#8243;]<\/p>\n","protected":false},"excerpt":{"rendered":"<p>[CP_APP_HOUR_BOOKING id=&#8221;1&#8243;]<\/p>\n","protected":false},"author":1,"featured_media":0,"parent":0,"menu_order":0,"comment_status":"closed","ping_status":"closed","template":"","meta":{"footnotes":""},"class_list":["post-5","page","type-page","status-publish","hentry"],"_links":{"self":[{"href":"https:\/\/rayweb.eu\/index.php\/wp-json\/wp\/v2\/pages\/5","targetHints":{"allow":["GET"]}}],"collection":[{"href":"https:\/\/rayweb.eu\/index.php\/wp-json\/wp\/v2\/pages"}],"about":[{"href":"https:\/\/rayweb.eu\/index.php\/wp-json\/wp\/v2\/types\/page"}],"author":[{"embeddable":true,"href":"https:\/\/rayweb.eu\/index.php\/wp-json\/wp\/v2\/users\/1"}],"replies":[{"embeddable":true,"href":"https:\/\/rayweb.eu\/index.php\/wp-json\/wp\/v2\/comments?post=5"}],"version-history":[{"count":3,"href":"https:\/\/rayweb.eu\/index.php\/wp-json\/wp\/v2\/pages\/5\/revisions"}],"predecessor-version":[{"id":9,"href":"https:\/\/rayweb.eu\/index.php\/wp-json\/wp\/v2\/pages\/5\/revisions\/9"}],"wp:attachment":[{"href":"https:\/\/rayweb.eu\/index.php\/wp-json\/wp\/v2\/media?parent=5"}],"curies":[{"name":"wp","href":"https:\/\/api.w.org\/{rel}","templated":true}]}}